2*b + 36 = -4*w, b + w - 29 + 2 = 0. What is the greatest common factor of b and 8?
8
Suppose -3*a = 6 - 33. What is the highest common divisor of a and 12?
3
Let l be (27/18)/((-3)/(-176)). Calculate the highest common factor of l and 8.
8
Suppose -11 = 2*d - 103. Let t = d - 8. Suppose -2*v + 112 = 3*m, 5*m - 3*v = 212 - t. Calculate the highest common factor of 12 and m.
12
Suppose -3*d = -5 - 7. Suppose -4*c + t - 3*t + 22 = 0, 2*c = -d*t + 8. Suppose 0*s + 4*s - 216 = 0. What is the greatest common divisor of s and c?
6
Suppose 0*u - 99 = -3*u. Let j be 4/(-14) - (-158)/14. Calculate the highest common factor of j and u.
11
Let l be (-66)/(-30) + (-4)/(-5). Suppose l*i - 5*w = 2*i + 36, 5*w = -4*i + 144. What is the greatest common divisor of i and 24?
12
Let x be 13 - (0/(-3) + 3). Let i = x - 5. Calculate the highest common divisor of i and 40.
5
Suppose 0 = s + 2*s - 24. Suppose -3*u + 3 = -3*g, -6*u = -2*g - 2*u. Let v be (g + (-66)/(-9))*3. Calculate the greatest common factor of s and v.
8
Let t = -22 + 13. Let d(l) = l**3 + 8*l**2 - 10*l - 1. Let f be d(t). Calculate the highest common factor of 12 and f.
4
Let f(t) = t**2 - 4*t - 23. Let o be f(-9). What is the highest common divisor of 47 and o?
47
Let i be (17/(-2))/((-5)/10). Let m be 1/(-4) - 341/(-4). What is the highest common factor of m and i?
17
Let i(s) = 8*s**2 - 3*s + 2. Let u be i(3). Suppose 4*c - 8*c + 104 = 0. Calculate the greatest common factor of c and u.
13
Let j(n) = -7 + 3 + 23 - 5*n + 6*n. Let z be j(-13). Suppose -4*a + 25 = d - 2*d, 5 = -5*d. What is the highest common divisor of a and z?
6
Let m = 708 - 501. Let v be 3 + (-3 - -2) + 4. Suppose -4*g = -v*g + 46. Calculate the highest common factor of g and m.
23
Let t = 7 - -27. Let j = t - 20. Let y(l) = 126*l**3 - l**2 + 1. Let q be y(1). What is the greatest common divisor of j and q?
14
Suppose 0*z - 4*t = -4*z + 96, -4*t + 14 = z. Let m(x) = 2*x - 2. Let g be m(3). Suppose g*r - 132 = -0*r. What is the highest common factor of z and r?
11
Suppose -2*u + t = 4*t - 69, -3*t + 42 = u. Let j be ((-63)/42)/((-1)/2). What is the highest common divisor of u and j?
3
Suppose 11 = -2*t + 5*v - 10*v, v = 2*t - 7. Suppose t*g = 13 - 5. What is the highest common divisor of 28 and g?
4
Let r(t) = t**2 - 9*t - 30. Let x be r(14). What is the highest common factor of 100 and x?
20
Suppose 2*t - t = 13. Suppose -s + 22 = 2. Suppose s + 32 = 2*d. What is the highest common factor of d and t?
13
Let a(u) = u**2 + 9*u - 27. Let j be a(-18). Let y(c) = 4*c - 9. Let x be y(6). What is the greatest common factor of j and x?
15
Let w(q) = q + 7. Suppose 3*r + 3 = 2*r. Let z be w(r). Suppose -z = -5*h + 61. What is the greatest common divisor of h and 104?
13
Let f(x) = -x**2 + 7*x + 39. Let y be f(10). Calculate the greatest common factor of y and 144.
9
Let m(b) = -b**2 - 11*b - 6. Let h be m(-5). Calculate the greatest common factor of 12 and h.
12
Let c be -2 + 2 + -1 + 1. Let n(s) = c*s**2 - 2*s**2 + 3*s**2 + 1. Let p be n(0). Calculate the highest common factor of 1 and p.
1
Suppose 0 = 5*b + 3*c - 991, 5*b + 5*c - c = 988. Suppose -2*x - 3*x = -b. Let l = -9 + 25. Calculate the highest common divisor of x and l.
8
Let j be 2*-3*(1 + 0). Let q = 5 + j. Let r be (1 - (-3)/q)*-2. Calculate the highest common factor of r and 1.
1
Let g be (41 - (5 - 6)) + -4. What is the greatest common divisor of g and 418?
38
Suppose g + 10 = 5*g - w, 0 = -w + 2. Suppose -g*x + 0*x - 33 = 0. Let k = 19 + x. What is the greatest common factor of 56 and k?
8
Let s be 26 + (-4)/2 - 2. Let h = -13 + s. Suppose -6*n = -n - 495. Calculate the highest common factor of h and n.
9
Let q = -50 + 113. What is the highest common factor of q and 7?
7
Let o(l) = -l**3 - l**2 + l + 1. Let x be o(0). Let v = 7 + 2. What is the greatest common divisor of x and v?
1
Let f(l) = l + 24. Let k be f(6). What is the greatest common divisor of 20 and k?
10
Suppose 7*q = 10*q - 15. Calculate the highest common factor of 40 and q.
5
Let h(d) = -d**3 + 12*d**2 + 15*d - 12. Let v be h(13). Calculate the greatest common divisor of 77 and v.
7
Suppose -206 = -2*a + 4*u + 6, -218 = -2*a - 2*u. Calculate the highest common divisor of 12 and a.
12
Let l be 3/(-1) - -6*91. Suppose -57 = 3*d - l. What is the highest common factor of 18 and d?
18
Let f = -3 - -23. What is the highest common factor of 80 and f?
20
Let p(u) = u - 4. Let o be p(6). Suppose 4*x = o*x + 16. Let w = 34 + -18. What is the greatest common factor of w and x?
8
Let o(w) = 3*w**3 - 4*w**2 + 4*w - 1. Let k be o(2). What is the highest common factor of 10 and k?
5
Let r = 9 - -25. What is the greatest common factor of 17 and r?
17
Let h = 2 + 0. Suppose 4*p - 1 = h*a - 5, -5*a + 5*p = -15. Suppose a*k - 65 = -5*j, -39 = -3*j - 3*k - k. Calculate the greatest common factor of j and 143.
13
Let a = -30 + 37. Calculate the highest common divisor of a and 56.
7
Let p = -1 - -20. What is the highest common factor of 133 and p?
19
Let c(z) = 2*z**2 + 3*z + 4. Let l(a) = a**2. Let k(t) = c(t) - l(t). Let x be k(3). Calculate the highest common divisor of x and 198.
22
Let x be (28/(-42))/(2/(-27)). What is the greatest common factor of x and 45?
9
Suppose -w + 6 - 2 = 0. Let t(y) = 4*y - 3. Let s be t(w). What is the highest common factor of s and 13?
13
Let j be ((-18)/(-24))/(2/240). Let n = 188 - j. Let c be ((-42)/8)/(63/(-168)). What is the highest common divisor of n and c?
14
Let q = -82 - -124. Let z = -5 + q. What is the greatest common divisor of z and 407?
37
Suppose -i - 3 = -7. Let w be 1/5 - 358/(-10). What is the greatest common factor of w and i?
4
Suppose -20 = -5*z, -z - 2 = -3*v + v. Let p(r) = 2*r**3 + 3*r**2 - 5*r + 4. Let a be p(v). Let c = 16 - 6. What is the greatest common divisor of c and a?
10
Let f(c) = c**2 + 6*c + 9. Let i be (-2)/(-8) - 124/(-16). Suppose 4*w + 6 = -y - 16, -w + y = i. Let g be f(w). What is the greatest common factor of g and 1?
1
Suppose -47 - 107 = -2*a. Let j(g) = -g**2 + 4*g + 4. Let v be j(3). What is the highest common divisor of a and v?
7
Suppose 0 = -0*h - 3*h - 9, 0 = 3*m + h - 141. Suppose 8*y = 10*y - m. Calculate the highest common factor of 3 and y.
3
Let u be 10 - (-1)/((-1)/2). Suppose -2*t + u = -0. Suppose -t*y - y + 90 = -5*n, 26 = 2*y + 3*n. Calculate the greatest common divisor of 4 and y.
4
Suppose -13*g - 551 = -1591. What is the highest common factor of g and 10?
10
Suppose -156 = 132*x - 136*x. Calculate the greatest common divisor of 429 and x.
39
Let f(u) = 0 - 6 + 0 - u. Let q be f(-6). Suppose q = -j + 7 + 4. What is the greatest common factor of 88 and j?
11
Let v(j) = -j + 6. Let w be v(-3). Calculate the greatest common divisor of w and 99.
9
Let m(h) = h**2 + 10*h - 11. Let k be m(-9). Let u be (48/k)/((-3)/15). What is the highest common factor of u and 48?
12
Suppose 5*s + 15 = -5*c, -4*c - 22 = -s - 0*s. Suppose h + 45 = s*h. Calculate the greatest common divisor of 9 and h.
9
Let l(t) = -t**2 + 11. Let j be l(0). What is the highest common factor of j and 55?
11
Let h(s) be the first derivative of -3/2*s**2 + 2/3*s**3 + s - 2. Let q be h(6). Calculate the greatest common factor of q and 11.
11
Let g(u) = -u**3 + 3*u**2 + 5*u + 1. Let w be g(4). Suppose -89 - 1 = -w*z. What is the highest common divisor of z and 27?
9
Let v(d) = 19*d**2 + 8*d - 27. Let r be v(3). Suppose -a - a + 48 = 0. What is the highest common divisor of a and r?
24
Suppose 3*m - 4*m = 1, 4*z - 5*m - 45 = 0. What is the highest common divisor of z and 50?
10
Let v = -27 + 21. Let p(i) be the third derivative of -i**5/60 - 7*i**4/12 - 3*i**3/2 + i**2. Let k be p(v). What is the highest common factor of k and 13?
13
Suppose -5*h - 4*m + 4 = -26, 0 = -h - 3*m + 6. Suppose 151 = -5*s + 406. Let d = -33 + s. Calculate the highest common divisor of h and d.
6
Let r(s) = -s**3 - 3*s**2 + s - 3. Let w be r(-4). Let y(q) = -q**2 + 11*q - 12. Let m be y(w). What is the greatest common divisor of m and 30?
6
Let h be 3*(1 - 8/(-3)). Let j(a) = -20*a - 6. Let l be j(-5). Let y = l - 50. Calculate the highest common factor of h and y.
11
Suppose 4*c - 80 = -6*c. Calculate the greatest common factor of c and 8.
8
Let z(k) = k**3 - 7*k**2 - k + 9. Let v(g) = g**2